Last updated on 2023-03-30 09:55:17 CEST.
Flavor | Version | Tinstall | Tcheck | Ttotal | Status | Flags |
---|---|---|---|---|---|---|
r-devel-linux-x86_64-debian-clang | 2022.1.28 | 14.66 | 41.03 | 55.69 | OK | |
r-devel-linux-x86_64-debian-gcc | 2022.1.28 | 12.25 | 31.47 | 43.72 | OK | |
r-devel-linux-x86_64-fedora-clang | 2022.1.28 | 71.02 | NOTE | |||
r-devel-linux-x86_64-fedora-gcc | 2022.1.28 | 71.45 | NOTE | |||
r-devel-windows-x86_64 | 2022.1.28 | 175.00 | 0.00 | 175.00 | OK | |
r-patched-linux-x86_64 | 2022.1.28 | 20.91 | 38.51 | 59.42 | ERROR | |
r-release-linux-x86_64 | 2022.1.28 | 11.54 | 40.92 | 52.46 | OK | |
r-release-macos-arm64 | 2022.1.28 | 37.00 | NOTE | |||
r-release-macos-x86_64 | 2022.1.28 | 41.00 | NOTE | |||
r-release-windows-x86_64 | 2022.1.28 | 122.00 | 92.00 | 214.00 | OK | |
r-oldrel-macos-arm64 | 2022.1.28 | 37.00 | NOTE | |||
r-oldrel-macos-x86_64 | 2022.1.28 | 43.00 | NOTE | |||
r-oldrel-windows-ix86+x86_64 | 2022.1.28 | 26.00 | 75.00 | 101.00 | NOTE |
Version: 2022.1.28
Check: data for non-ASCII characters
Result: NOTE
Note: found 167 marked UTF-8 strings
Flavors: r-devel-linux-x86_64-fedora-clang, r-devel-linux-x86_64-fedora-gcc, r-release-macos-arm64, r-release-macos-x86_64, r-oldrel-macos-arm64, r-oldrel-macos-x86_64
Version: 2022.1.28
Check: examples
Result: ERROR
Running examples in ‘OpenTreeChronograms-Ex.R’ failed
The error most likely occurred in:
> base::assign(".ptime", proc.time(), pos = "CheckExEnv")
> ### Name: extract_ott_ids
> ### Title: Get OTT ids from a character vector containing species names and
> ### OTT ids.
> ### Aliases: extract_ott_ids extract_ott_ids.default
>
> ### ** Examples
>
> canis <- rotl::tnrs_match_names("canis")
HTTP failure: 500
Error: could not connect to 'http://localhost:1984/v3/tnrs/contexts'
Execution halted
Flavor: r-patched-linux-x86_64
Version: 2022.1.28
Check: dependencies in R code
Result: NOTE
Initiating curl with CURL_SSL_BACKEND: openssl
Flavor: r-oldrel-windows-ix86+x86_64