CRAN Package Check Results for Package OpenImageR

Last updated on 2022-11-29 09:52:20 CET.

Flavor Version Tinstall Tcheck Ttotal Status Flags
r-devel-linux-x86_64-debian-clang 1.2.7 61.69 116.19 177.88 OK
r-devel-linux-x86_64-debian-gcc 1.2.7 54.66 85.68 140.34 OK
r-devel-linux-x86_64-fedora-clang 1.2.7 246.26 OK
r-devel-linux-x86_64-fedora-gcc 1.2.7 238.34 OK
r-devel-windows-x86_64 1.2.7 113.00 191.00 304.00 NOTE
r-patched-linux-x86_64 1.2.7 58.88 106.93 165.81 OK
r-release-linux-x86_64 1.2.7 50.73 103.86 154.59 OK
r-release-macos-arm64 1.2.7 72.00 NOTE
r-release-macos-x86_64 1.2.7 84.00 NOTE
r-release-windows-x86_64 1.2.7 108.00 188.00 296.00 NOTE
r-oldrel-macos-arm64 1.2.7 72.00 NOTE
r-oldrel-macos-x86_64 1.2.7 89.00 NOTE
r-oldrel-windows-ix86+x86_64 1.2.7 146.00 229.00 375.00 NOTE

Check Details

Version: 1.2.7
Check: installed package size
Result: NOTE
     installed size is 5.0Mb
     sub-directories of 1Mb or more:
     doc 2.5Mb
     libs 1.6Mb
Flavors: r-devel-windows-x86_64, r-release-macos-arm64, r-release-macos-x86_64, r-release-windows-x86_64, r-oldrel-macos-arm64, r-oldrel-macos-x86_64, r-oldrel-windows-ix86+x86_64