Last updated on 2023-06-03 10:53:03 CEST.
Flavor | Version | Tinstall | Tcheck | Ttotal | Status | Flags |
---|---|---|---|---|---|---|
r-devel-linux-x86_64-debian-clang | 0.3.0 | 2.14 | 85.90 | 88.04 | OK | |
r-devel-linux-x86_64-debian-gcc | 0.3.0 | 1.75 | 65.47 | 67.22 | OK | |
r-devel-linux-x86_64-fedora-clang | 0.3.0 | 109.47 | NOTE | |||
r-devel-linux-x86_64-fedora-gcc | 0.3.0 | 124.53 | NOTE | |||
r-devel-windows-x86_64 | 0.3.0 | 3.00 | 91.00 | 94.00 | OK | |
r-patched-linux-x86_64 | 0.3.0 | OK | ||||
r-release-linux-x86_64 | 0.3.0 | 1.88 | 84.34 | 86.22 | OK | |
r-release-macos-arm64 | 0.3.0 | 48.00 | OK | |||
r-release-macos-x86_64 | 0.3.0 | 69.00 | OK | |||
r-release-windows-x86_64 | 0.3.0 | 4.00 | 102.00 | 106.00 | OK | |
r-oldrel-macos-arm64 | 0.3.0 | 32.00 | NOTE | |||
r-oldrel-macos-x86_64 | 0.3.0 | 46.00 | NOTE | |||
r-oldrel-windows-x86_64 | 0.3.0 | 4.00 | 106.00 | 110.00 | OK |
Version: 0.3.0
Check: dependencies in R code
Result: NOTE
Namespace in Imports field not imported from: ‘tibble’
All declared Imports should be used.
Flavors: r-devel-linux-x86_64-fedora-clang, r-devel-linux-x86_64-fedora-gcc, r-oldrel-macos-arm64, r-oldrel-macos-x86_64