CRAN Package Check Results for Package NFCP

Last updated on 2022-11-27 09:53:34 CET.

Flavor Version Tinstall Tcheck Ttotal Status Flags
r-devel-linux-x86_64-debian-clang 1.2.1 2.89 109.37 112.26 OK
r-devel-linux-x86_64-debian-gcc 1.2.1 3.76 83.69 87.45 OK
r-devel-linux-x86_64-fedora-clang 1.2.1 136.30 NOTE
r-devel-linux-x86_64-fedora-gcc 1.2.1 150.87 NOTE
r-devel-windows-x86_64 1.2.1 20.00 145.00 165.00 OK
r-patched-linux-x86_64 1.2.1 5.35 104.76 110.11 OK
r-release-linux-x86_64 1.2.1 3.66 107.54 111.20 OK
r-release-macos-arm64 1.2.1 43.00 NOTE
r-release-macos-x86_64 1.2.1 54.00 NOTE
r-release-windows-x86_64 1.2.1 17.00 138.00 155.00 OK
r-oldrel-macos-arm64 1.2.1 41.00 NOTE
r-oldrel-macos-x86_64 1.2.1 63.00 NOTE
r-oldrel-windows-ix86+x86_64 1.2.1 9.00 135.00 144.00 OK

Check Details

Version: 1.2.1
Check: dependencies in R code
Result: NOTE
    Namespaces in Imports field not imported from:
     ‘Rdpack’ ‘curl’ ‘mathjaxr’
     All declared Imports should be used.
Flavors: r-devel-linux-x86_64-fedora-clang, r-devel-linux-x86_64-fedora-gcc, r-release-macos-arm64, r-release-macos-x86_64, r-oldrel-macos-arm64, r-oldrel-macos-x86_64