Last updated on 2023-03-20 09:49:34 CET.
Flavor | Version | Tinstall | Tcheck | Ttotal | Status | Flags |
---|---|---|---|---|---|---|
r-devel-linux-x86_64-debian-clang | 1.0.1 | OK | ||||
r-devel-linux-x86_64-debian-gcc | 1.0.1 | 4.87 | 63.37 | 68.24 | OK | |
r-devel-linux-x86_64-fedora-clang | 1.0.1 | 118.45 | OK | |||
r-devel-linux-x86_64-fedora-gcc | 1.0.1 | 109.48 | OK | |||
r-devel-windows-x86_64 | 1.0.1 | 19.00 | 121.00 | 140.00 | OK | |
r-patched-linux-x86_64 | 1.0.1 | 5.94 | 82.34 | 88.28 | OK | |
r-release-linux-x86_64 | 1.0.1 | 6.31 | 82.75 | 89.06 | OK | |
r-release-macos-arm64 | 1.0.1 | 29.00 | OK | |||
r-release-macos-x86_64 | 1.0.1 | 53.00 | NOTE | |||
r-release-windows-x86_64 | 1.0.1 | 53.00 | 124.00 | 177.00 | OK | |
r-oldrel-macos-arm64 | 1.0.1 | 29.00 | NOTE | |||
r-oldrel-macos-x86_64 | 1.0.1 | 50.00 | NOTE | |||
r-oldrel-windows-ix86+x86_64 | 1.0.1 | 11.00 | 107.00 | 118.00 | OK |
Version: 1.0.1
Check: package dependencies
Result: NOTE
Package suggested but not available for checking: ‘DEXSeq’
Flavors: r-release-macos-x86_64, r-oldrel-macos-arm64, r-oldrel-macos-x86_64
Version: 1.0.1
Check: Rd cross-references
Result: NOTE
Package unavailable to check Rd xrefs: ‘DEXSeq’
Flavors: r-release-macos-x86_64, r-oldrel-macos-arm64, r-oldrel-macos-x86_64