CRAN Package Check Results for Package Morpho

Last updated on 2022-09-24 09:56:13 CEST.

Flavor Version Tinstall Tcheck Ttotal Status Flags
r-devel-linux-x86_64-debian-clang 2.10 266.52 207.69 474.21 OK
r-devel-linux-x86_64-debian-gcc 2.10 212.23 157.45 369.68 OK
r-devel-linux-x86_64-fedora-clang 2.10 668.76 OK
r-devel-linux-x86_64-fedora-gcc 2.10 610.36 OK
r-devel-windows-x86_64 2.10 257.00 308.00 565.00 NOTE
r-patched-linux-x86_64 2.10 235.65 193.47 429.12 OK
r-release-linux-x86_64 2.10 231.86 193.35 425.21 OK
r-release-macos-arm64 2.10 156.00 NOTE
r-release-macos-x86_64 2.10 189.00 NOTE
r-release-windows-x86_64 2.10 360.00 266.00 626.00 NOTE
r-oldrel-macos-arm64 2.10 130.00 NOTE
r-oldrel-macos-x86_64 2.10 183.00 NOTE
r-oldrel-windows-ix86+x86_64 2.10 644.00 380.00 1024.00 NOTE

Check Details

Version: 2.10
Check: installed package size
Result: NOTE
     installed size is 5.2Mb
     sub-directories of 1Mb or more:
     data 2.0Mb
     libs 1.5Mb
Flavors: r-devel-windows-x86_64, r-release-macos-arm64, r-release-macos-x86_64, r-release-windows-x86_64, r-oldrel-macos-arm64, r-oldrel-macos-x86_64, r-oldrel-windows-ix86+x86_64