CRAN Package Check Results for Package ModelMap

Last updated on 2021-12-08 10:51:53 CET.

Flavor Version Tinstall Tcheck Ttotal Status Flags
r-devel-linux-x86_64-debian-clang 3.4.0.1 37.12 670.75 707.87 NOTE
r-devel-linux-x86_64-debian-gcc 3.4.0.1 28.49 527.83 556.32 NOTE
r-devel-linux-x86_64-fedora-clang 3.4.0.1 876.34 NOTE
r-devel-linux-x86_64-fedora-gcc 3.4.0.1 872.66 NOTE
r-devel-windows-x86_64-new-UL 3.4.0.1 62.00 850.00 912.00 OK
r-devel-windows-x86_64-new-TK 3.4.0.1 OK
r-devel-windows-x86_64-old 3.4.0.1 58.00 779.00 837.00 OK
r-patched-linux-x86_64 3.4.0.1 42.03 675.95 717.98 NOTE
r-release-linux-x86_64 3.4.0.1 33.95 683.61 717.56 NOTE
r-release-macos-arm64 3.4.0.1 OK
r-release-macos-x86_64 3.4.0.1 OK
r-release-windows-ix86+x86_64 3.4.0.1 54.00 789.00 843.00 OK
r-oldrel-macos-x86_64 3.4.0.1 OK
r-oldrel-windows-ix86+x86_64 3.4.0.1 86.00 812.00 898.00 OK

Check Details

Version: 3.4.0.1
Check: for non-standard things in the check directory
Result: NOTE
    Found the following files/directories:
     'BIO_TCandNLCD_NLCD.jpg' 'BIO_TCandNLCD_TCB.jpg'
     'BIO_TCandNLCD_TCG.jpg' 'BIO_TCandNLCD_TCW.jpg'
     'BIO_TCandNLCD_corrplot.jpg' 'BIO_TCandNLCD_mask_all_predictors.jpg'
     'BIO_TCandNLCD_projections.txt' 'RF_BIO_TCandNLCD_01.img'
     'RF_BIO_TCandNLCD_01.img.aux.xml'
     'RF_BIO_TCandNLCD_01_mapmake_arguments.txt'
     'RF_BIO_TCandNLCD_01_projections.txt' 'RF_BIO_TCandNLCD_OOB.csv'
     'RF_BIO_TCandNLCD_OOB_corrplot.jpg'
     'RF_BIO_TCandNLCD_OOB_corrplot.pdf' 'RF_BIO_TCandNLCD_OOB_error.jpg'
     'RF_BIO_TCandNLCD_OOB_error.pdf'
     'RF_BIO_TCandNLCD_OOB_importance.jpg'
     'RF_BIO_TCandNLCD_OOB_importance.pdf'
     'RF_BIO_TCandNLCD_OOB_scatterplot.jpg'
     'RF_BIO_TCandNLCD_OOB_scatterplot.pdf'
     'RF_BIO_TCandNLCD_model_building_arguments.txt'
     'RF_Bio_TC_model_building_arguments.txt' 'example.test.csv'
     'example.train.csv'
Flavors: r-devel-linux-x86_64-debian-clang, r-devel-linux-x86_64-debian-gcc, r-devel-linux-x86_64-fedora-clang, r-devel-linux-x86_64-fedora-gcc, r-patched-linux-x86_64, r-release-linux-x86_64