CRAN Package Check Results for Package MoBPS

Last updated on 2022-12-08 10:53:25 CET.

Flavor Version Tinstall Tcheck Ttotal Status Flags
r-devel-linux-x86_64-debian-clang 1.6.64 55.21 165.84 221.05 NOTE
r-devel-linux-x86_64-debian-gcc 1.6.64 46.16 211.23 257.39 NOTE
r-devel-linux-x86_64-fedora-clang 1.6.64 444.13 NOTE
r-devel-linux-x86_64-fedora-gcc 1.6.64 455.53 NOTE
r-devel-windows-x86_64 1.6.64 101.00 474.00 575.00 NOTE
r-patched-linux-x86_64 1.6.64 49.41 159.99 209.40 NOTE
r-release-linux-x86_64 1.6.64 50.34 156.74 207.08 NOTE
r-release-macos-arm64 1.6.64 60.00 NOTE
r-release-macos-x86_64 1.6.64 86.00 NOTE
r-release-windows-x86_64 1.6.64 95.00 189.00 284.00 NOTE
r-oldrel-macos-arm64 1.6.64 74.00 NOTE
r-oldrel-macos-x86_64 1.6.64 95.00 NOTE
r-oldrel-windows-ix86+x86_64 1.6.64 83.00 174.00 257.00 NOTE

Check Details

Version: 1.6.64
Check: package dependencies
Result: NOTE
    Package suggested but not available for checking: 'alstructure'
    
    Packages which this enhances but not available for checking:
     'miraculix', 'MoBPSmaps'
Flavors: r-devel-linux-x86_64-debian-clang, r-devel-windows-x86_64, r-release-linux-x86_64, r-release-windows-x86_64

Version: 1.6.64
Check: package dependencies
Result: NOTE
    Package suggested but not available for checking: ‘alstructure’
    
    Packages which this enhances but not available for checking:
     'miraculix', 'RandomFieldsUtils', 'MoBPSmaps'
Flavors: r-devel-linux-x86_64-debian-gcc, r-devel-linux-x86_64-fedora-clang, r-devel-linux-x86_64-fedora-gcc, r-patched-linux-x86_64

Version: 1.6.64
Check: package dependencies
Result: NOTE
    Packages suggested but not available for checking:
     'doMPI', 'biomaRt', 'alstructure'
    
    Package which this enhances but not available for checking: ‘MoBPSmaps’
Flavor: r-release-macos-arm64

Version: 1.6.64
Check: package dependencies
Result: NOTE
    Packages suggested but not available for checking: 'doMPI', 'alstructure'
    
    Packages which this enhances but not available for checking:
     'miraculix', 'MoBPSmaps'
Flavor: r-release-macos-x86_64

Version: 1.6.64
Check: package dependencies
Result: NOTE
    Packages suggested but not available for checking: 'doMPI', 'alstructure'
    
    Package which this enhances but not available for checking: ‘MoBPSmaps’
Flavors: r-oldrel-macos-arm64, r-oldrel-macos-x86_64

Version: 1.6.64
Check: package dependencies
Result: NOTE
    Package suggested but not available for checking: 'alstructure'
    
    Package which this enhances but not available for checking: 'MoBPSmaps'
Flavor: r-oldrel-windows-ix86+x86_64