CRAN Package Check Results for Package MitoHEAR

Last updated on 2022-11-28 09:50:50 CET.

Flavor Version Tinstall Tcheck Ttotal Status Flags
r-devel-linux-x86_64-debian-clang 0.1.0 6.19 373.41 379.60 OK
r-devel-linux-x86_64-debian-gcc 0.1.0 4.53 279.06 283.59 OK
r-devel-linux-x86_64-fedora-clang 0.1.0 463.90 NOTE
r-devel-linux-x86_64-fedora-gcc 0.1.0 494.33 NOTE
r-devel-windows-x86_64 0.1.0 30.00 374.00 404.00 OK
r-patched-linux-x86_64 0.1.0 5.00 373.89 378.89 OK
r-release-linux-x86_64 0.1.0 5.87 362.41 368.28 OK
r-release-macos-arm64 0.1.0 138.00 NOTE
r-release-macos-x86_64 0.1.0 376.00 NOTE
r-release-windows-x86_64 0.1.0 30.00 350.00 380.00 OK
r-oldrel-macos-arm64 0.1.0 142.00 NOTE
r-oldrel-macos-x86_64 0.1.0 252.00 NOTE
r-oldrel-windows-ix86+x86_64 0.1.0 12.00 379.00 391.00 OK

Check Details

Version: 0.1.0
Check: package dependencies
Result: NOTE
    Packages suggested but not available for checking:
     'karyoploteR', 'regioneR'
Flavors: r-devel-linux-x86_64-fedora-clang, r-devel-linux-x86_64-fedora-gcc, r-release-macos-arm64, r-oldrel-macos-arm64

Version: 0.1.0
Check: package dependencies
Result: NOTE
    Package suggested but not available for checking: ‘karyoploteR’
Flavors: r-release-macos-x86_64, r-oldrel-macos-x86_64