CRAN Package Check Results for Package MinEDfind

Last updated on 2022-11-28 09:50:50 CET.

Flavor Version Tinstall Tcheck Ttotal Status Flags
r-devel-linux-x86_64-debian-clang 0.1.3 5.76 60.68 66.44 NOTE
r-devel-linux-x86_64-debian-gcc 0.1.3 4.69 45.04 49.73 NOTE
r-devel-linux-x86_64-fedora-clang 0.1.3 95.97 NOTE
r-devel-linux-x86_64-fedora-gcc 0.1.3 93.95 NOTE
r-devel-windows-x86_64 0.1.3 10.00 84.00 94.00 NOTE
r-patched-linux-x86_64 0.1.3 5.42 55.26 60.68 NOTE
r-release-linux-x86_64 0.1.3 6.24 56.67 62.91 NOTE
r-release-macos-arm64 0.1.3 24.00 NOTE
r-release-macos-x86_64 0.1.3 47.00 NOTE
r-release-windows-x86_64 0.1.3 12.00 88.00 100.00 NOTE
r-oldrel-macos-arm64 0.1.3 32.00 NOTE
r-oldrel-macos-x86_64 0.1.3 42.00 NOTE
r-oldrel-windows-ix86+x86_64 0.1.3 15.00 84.00 99.00 NOTE

Check Details

Version: 0.1.3
Check: LazyData
Result: NOTE
     'LazyData' is specified without a 'data' directory
Flavors: r-devel-linux-x86_64-debian-clang, r-devel-linux-x86_64-debian-gcc, r-devel-linux-x86_64-fedora-clang, r-devel-linux-x86_64-fedora-gcc, r-devel-windows-x86_64, r-patched-linux-x86_64, r-release-linux-x86_64, r-release-macos-arm64, r-release-macos-x86_64, r-release-windows-x86_64, r-oldrel-macos-arm64, r-oldrel-macos-x86_64, r-oldrel-windows-ix86+x86_64