CRAN Package Check Results for Package MetaComp

Last updated on 2022-12-03 10:51:24 CET.

Flavor Version Tinstall Tcheck Ttotal Status Flags
r-devel-linux-x86_64-debian-clang 1.1.2 7.30 83.40 90.70 NOTE
r-devel-linux-x86_64-debian-gcc 1.1.2 6.06 58.73 64.79 NOTE
r-devel-linux-x86_64-fedora-clang 1.1.2 117.85 NOTE
r-devel-linux-x86_64-fedora-gcc 1.1.2 116.12 NOTE
r-devel-windows-x86_64 1.1.2 298.00 107.00 405.00 NOTE
r-patched-linux-x86_64 1.1.2 6.74 75.08 81.82 NOTE
r-release-linux-x86_64 1.1.2 6.02 74.82 80.84 NOTE
r-release-macos-arm64 1.1.2 28.00 NOTE
r-release-macos-x86_64 1.1.2 55.00 NOTE
r-release-windows-x86_64 1.1.2 762.00 109.00 871.00 NOTE
r-oldrel-macos-arm64 1.1.2 33.00 NOTE
r-oldrel-macos-x86_64 1.1.2 48.00 NOTE
r-oldrel-windows-ix86+x86_64 1.1.2 17.00 113.00 130.00 NOTE

Check Details

Version: 1.1.2
Check: LazyData
Result: NOTE
     'LazyData' is specified without a 'data' directory
Flavors: r-devel-linux-x86_64-debian-clang, r-devel-linux-x86_64-debian-gcc, r-devel-linux-x86_64-fedora-clang, r-devel-linux-x86_64-fedora-gcc, r-devel-windows-x86_64, r-patched-linux-x86_64, r-release-linux-x86_64, r-release-macos-arm64, r-release-macos-x86_64, r-release-windows-x86_64, r-oldrel-macos-arm64, r-oldrel-macos-x86_64, r-oldrel-windows-ix86+x86_64