CRAN Package Check Results for Package MazamaTimeSeries

Last updated on 2022-12-08 10:53:24 CET.

Flavor Version Tinstall Tcheck Ttotal Status Flags
r-devel-linux-x86_64-debian-clang 0.2.8 9.96 105.04 115.00 OK
r-devel-linux-x86_64-debian-gcc 0.2.8 8.26 83.03 91.29 OK
r-devel-linux-x86_64-fedora-clang 0.2.8 153.42 NOTE
r-devel-linux-x86_64-fedora-gcc 0.2.8 156.78 NOTE
r-devel-windows-x86_64 0.2.8 116.00 170.00 286.00 OK
r-patched-linux-x86_64 0.2.8 10.10 96.91 107.01 OK
r-release-linux-x86_64 0.2.8 7.32 96.17 103.49 OK
r-release-macos-arm64 0.2.8 48.00 NOTE
r-release-macos-x86_64 0.2.8 58.00 NOTE
r-release-windows-x86_64 0.2.8 126.00 156.00 282.00 OK
r-oldrel-macos-arm64 0.2.8 48.00 NOTE
r-oldrel-macos-x86_64 0.2.8 61.00 NOTE
r-oldrel-windows-ix86+x86_64 0.2.8 22.00 138.00 160.00 OK

Check Details

Version: 0.2.8
Check: data for non-ASCII characters
Result: NOTE
     Note: found 1 marked UTF-8 string
Flavors: r-devel-linux-x86_64-fedora-clang, r-devel-linux-x86_64-fedora-gcc, r-release-macos-arm64, r-release-macos-x86_64, r-oldrel-macos-arm64, r-oldrel-macos-x86_64