CRAN Package Check Results for Package Matrix

Last updated on 2022-09-24 09:56:12 CEST.

Flavor Version Tinstall Tcheck Ttotal Status Flags
r-devel-linux-x86_64-debian-clang 1.5-1 226.26 391.67 617.93 OK
r-devel-linux-x86_64-debian-gcc 1.5-1 174.01 292.35 466.36 OK
r-devel-linux-x86_64-fedora-clang 1.5-1 764.40 OK
r-devel-linux-x86_64-fedora-gcc 1.5-1 768.18 OK
r-devel-windows-x86_64 1.4-1 343.00 543.00 886.00 NOTE
r-patched-linux-x86_64 1.5-1 180.58 369.67 550.25 OK
r-release-linux-x86_64 1.5-1 184.18 371.16 555.34 OK
r-release-macos-arm64 1.5-1 197.00 OK
r-release-macos-x86_64 1.5-1 292.00 OK
r-release-windows-x86_64 1.5-1 372.00 562.00 934.00 OK
r-oldrel-macos-arm64 1.5-1 183.00 OK
r-oldrel-macos-x86_64 1.5-1 289.00 OK
r-oldrel-windows-ix86+x86_64 1.5-1 436.00 641.00 1077.00 OK

Additional issues

rchk

Check Details

Version: 1.4-1
Check: Rd files
Result: NOTE
    checkRd: (-1) USCounties.Rd:26: Escaped LaTeX specials: \_
Flavor: r-devel-windows-x86_64