CRAN Package Check Results for Package MakefileR

Last updated on 2022-11-29 09:52:18 CET.

Flavor Version Tinstall Tcheck Ttotal Status Flags
r-devel-linux-x86_64-debian-clang 1.0 2.04 27.56 29.60 NOTE
r-devel-linux-x86_64-debian-gcc 1.0 1.31 21.59 22.90 NOTE
r-devel-linux-x86_64-fedora-clang 1.0 47.35 NOTE
r-devel-linux-x86_64-fedora-gcc 1.0 57.88 NOTE
r-devel-windows-x86_64 1.0 19.00 60.00 79.00 NOTE
r-patched-linux-x86_64 1.0 2.03 26.19 28.22 NOTE
r-release-linux-x86_64 1.0 1.60 26.59 28.19 NOTE
r-release-macos-arm64 1.0 19.00 NOTE
r-release-macos-x86_64 1.0 29.00 NOTE
r-release-windows-x86_64 1.0 25.00 59.00 84.00 NOTE
r-oldrel-macos-arm64 1.0 22.00 NOTE
r-oldrel-macos-x86_64 1.0 46.00 NOTE
r-oldrel-windows-ix86+x86_64 1.0 5.00 50.00 55.00 NOTE

Check Details

Version: 1.0
Check: LazyData
Result: NOTE
     'LazyData' is specified without a 'data' directory
Flavors: r-devel-linux-x86_64-debian-clang, r-devel-linux-x86_64-debian-gcc, r-devel-linux-x86_64-fedora-clang, r-devel-linux-x86_64-fedora-gcc, r-devel-windows-x86_64, r-patched-linux-x86_64, r-release-linux-x86_64, r-release-macos-arm64, r-release-macos-x86_64, r-release-windows-x86_64, r-oldrel-macos-arm64, r-oldrel-macos-x86_64, r-oldrel-windows-ix86+x86_64