Last updated on 2023-02-06 09:55:49 CET.
Flavor | Version | Tinstall | Tcheck | Ttotal | Status | Flags |
---|---|---|---|---|---|---|
r-devel-linux-x86_64-debian-clang | 3.6.1 | 71.86 | 417.96 | 489.82 | OK | |
r-devel-linux-x86_64-debian-gcc | 3.6.1 | 52.91 | 297.49 | 350.40 | OK | |
r-devel-linux-x86_64-fedora-clang | 3.6.1 | 592.98 | OK | |||
r-devel-linux-x86_64-fedora-gcc | 3.6.1 | 596.18 | OK | |||
r-devel-windows-x86_64 | 3.6.1 | 286.00 | 446.00 | 732.00 | FAIL | |
r-patched-linux-x86_64 | 3.6.1 | 63.97 | 375.66 | 439.63 | OK | |
r-release-linux-x86_64 | 3.6.1 | 57.48 | 377.42 | 434.90 | OK | |
r-release-macos-arm64 | 3.6.1 | 145.00 | OK | |||
r-release-macos-x86_64 | 3.6.1 | 206.00 | OK | |||
r-release-windows-x86_64 | 3.6.0 | 373.00 | 476.00 | 849.00 | OK | |
r-oldrel-macos-arm64 | 3.6.1 | 117.00 | OK | |||
r-oldrel-macos-x86_64 | 3.6.1 | 211.00 | OK | |||
r-oldrel-windows-ix86+x86_64 | 3.6.1 | 89.00 | 585.00 | 674.00 | OK |
Version: 3.6.1
Check: re-building of vignette outputs
Result: FAIL
Flavor: r-devel-windows-x86_64