CRAN Package Check Results for Package MM4LMM

Last updated on 2022-12-06 09:52:27 CET.

Flavor Version Tinstall Tcheck Ttotal Status Flags
r-devel-linux-x86_64-debian-clang 3.0.2 78.12 119.13 197.25 OK
r-devel-linux-x86_64-debian-gcc 3.0.2 63.96 88.59 152.55 OK
r-devel-linux-x86_64-fedora-clang 3.0.2 251.12 OK
r-devel-linux-x86_64-fedora-gcc 3.0.2 254.66 OK
r-devel-windows-x86_64 3.0.2 58.00 156.00 214.00 OK
r-patched-linux-x86_64 3.0.2 68.60 111.55 180.15 OK
r-release-linux-x86_64 3.0.2 77.56 110.95 188.51 OK
r-release-macos-arm64 3.0.2 98.00 NOTE
r-release-macos-x86_64 3.0.2 90.00 NOTE
r-release-windows-x86_64 3.0.2 59.00 153.00 212.00 OK
r-oldrel-macos-arm64 3.0.2 94.00 NOTE
r-oldrel-macos-x86_64 3.0.2 93.00 NOTE
r-oldrel-windows-ix86+x86_64 3.0.2 154.00 186.00 340.00 OK

Check Details

Version: 3.0.2
Check: installed package size
Result: NOTE
     installed size is 22.1Mb
     sub-directories of 1Mb or more:
     libs 21.4Mb
Flavors: r-release-macos-arm64, r-release-macos-x86_64, r-oldrel-macos-arm64, r-oldrel-macos-x86_64