CRAN Package Check Results for Package MGMS2

Last updated on 2022-11-29 09:52:19 CET.

Flavor Version Tinstall Tcheck Ttotal Status Flags
r-devel-linux-x86_64-debian-clang 1.0.2 2.99 62.00 64.99 NOTE
r-devel-linux-x86_64-debian-gcc 1.0.2 2.85 48.26 51.11 NOTE
r-devel-linux-x86_64-fedora-clang 1.0.2 91.97 NOTE
r-devel-linux-x86_64-fedora-gcc 1.0.2 93.52 NOTE
r-devel-windows-x86_64 1.0.2 17.00 89.00 106.00 NOTE
r-patched-linux-x86_64 1.0.2 5.03 61.14 66.17 NOTE
r-release-linux-x86_64 1.0.2 3.49 60.03 63.52 NOTE
r-release-macos-arm64 1.0.2 30.00 NOTE
r-release-macos-x86_64 1.0.2 42.00 NOTE
r-release-windows-x86_64 1.0.2 22.00 99.00 121.00 NOTE
r-oldrel-macos-arm64 1.0.2 38.00 NOTE
r-oldrel-macos-x86_64 1.0.2 57.00 NOTE
r-oldrel-windows-ix86+x86_64 1.0.2 11.00 91.00 102.00 NOTE

Check Details

Version: 1.0.2
Check: LazyData
Result: NOTE
     'LazyData' is specified without a 'data' directory
Flavors: r-devel-linux-x86_64-debian-clang, r-devel-linux-x86_64-debian-gcc, r-devel-linux-x86_64-fedora-clang, r-devel-linux-x86_64-fedora-gcc, r-devel-windows-x86_64, r-patched-linux-x86_64, r-release-linux-x86_64, r-release-macos-arm64, r-release-macos-x86_64, r-release-windows-x86_64, r-oldrel-macos-arm64, r-oldrel-macos-x86_64, r-oldrel-windows-ix86+x86_64