CRAN Package Check Results for Package MEGENA

Last updated on 2023-03-21 10:52:18 CET.

Flavor Version Tinstall Tcheck Ttotal Status Flags
r-devel-linux-x86_64-debian-clang 1.3.7 46.71 211.46 258.17 NOTE
r-devel-linux-x86_64-debian-gcc 1.3.7 36.33 159.30 195.63 NOTE
r-devel-linux-x86_64-fedora-clang 1.3.7 334.39 NOTE
r-devel-linux-x86_64-fedora-gcc 1.3.7 349.74 NOTE
r-devel-windows-x86_64 1.3.7 104.00 307.00 411.00 OK
r-patched-linux-x86_64 1.3.7 36.51 205.81 242.32 NOTE
r-release-linux-x86_64 1.3.7 29.00 201.64 230.64 NOTE
r-release-macos-arm64 1.3.7 109.00 OK
r-release-macos-x86_64 1.3.7 175.00 OK
r-release-windows-x86_64 1.3.7 47.00 293.00 340.00 OK
r-oldrel-macos-arm64 1.3.7 169.00 OK
r-oldrel-macos-x86_64 1.3.7 217.00 OK
r-oldrel-windows-ix86+x86_64 1.3.7 106.00 343.00 449.00 OK

Check Details

Version: 1.3.7
Check: for non-standard things in the check directory
Result: NOTE
    Found the following files/directories:
     ‘Data_Correlation.txt’ ‘correlation_FDR_table.txt’
Flavors: r-devel-linux-x86_64-debian-clang, r-devel-linux-x86_64-debian-gcc, r-devel-linux-x86_64-fedora-clang, r-devel-linux-x86_64-fedora-gcc, r-patched-linux-x86_64, r-release-linux-x86_64