Last updated on 2023-03-22 09:54:14 CET.
Flavor | Version | Tinstall | Tcheck | Ttotal | Status | Flags |
---|---|---|---|---|---|---|
r-devel-linux-x86_64-debian-clang | 1.0 | 11.67 | 112.78 | 124.45 | OK | |
r-devel-linux-x86_64-debian-gcc | 1.0 | 9.40 | 84.34 | 93.74 | OK | |
r-devel-linux-x86_64-fedora-clang | 1.0 | 149.90 | NOTE | |||
r-devel-linux-x86_64-fedora-gcc | 1.0 | 155.39 | NOTE | |||
r-devel-windows-x86_64 | 1.0 | 23.00 | 147.00 | 170.00 | OK | |
r-patched-linux-x86_64 | 1.0 | 13.47 | 102.10 | 115.57 | OK | |
r-release-linux-x86_64 | 1.0 | 12.06 | 102.06 | 114.12 | OK | |
r-release-macos-arm64 | 1.0 | 48.00 | NOTE | |||
r-release-macos-x86_64 | 1.0 | 58.00 | NOTE | |||
r-release-windows-x86_64 | 1.0 | 22.00 | 138.00 | 160.00 | OK | |
r-oldrel-macos-arm64 | 1.0 | 35.00 | NOTE | |||
r-oldrel-macos-x86_64 | 1.0 | 57.00 | NOTE | |||
r-oldrel-windows-ix86+x86_64 | 1.0 | 27.00 | 128.00 | 155.00 | OK |
Version: 1.0
Check: dependencies in R code
Result: NOTE
Namespace in Imports field not imported from: ‘Rdpack’
All declared Imports should be used.
Flavors: r-devel-linux-x86_64-fedora-clang, r-devel-linux-x86_64-fedora-gcc, r-release-macos-arm64, r-release-macos-x86_64, r-oldrel-macos-arm64, r-oldrel-macos-x86_64