CRAN Package Check Results for Package MC2toPath

Last updated on 2022-01-21 10:54:01 CET.

Flavor Version Tinstall Tcheck Ttotal Status Flags
r-devel-linux-x86_64-debian-clang 0.0.16 2.60 35.51 38.11 NOTE
r-devel-linux-x86_64-debian-gcc 0.0.16 2.20 27.58 29.78 NOTE
r-devel-linux-x86_64-fedora-clang 0.0.16 47.80 NOTE
r-devel-linux-x86_64-fedora-gcc 0.0.16 36.80 NOTE
r-devel-windows-x86_64-new-UL 0.0.16 46.00 53.00 99.00 NOTE
r-devel-windows-x86_64-new-TK 0.0.16 NOTE
r-patched-linux-x86_64 0.0.16 2.86 34.47 37.33 NOTE
r-release-linux-x86_64 0.0.16 2.32 34.85 37.17 NOTE
r-release-macos-arm64 0.0.16 NOTE
r-release-macos-x86_64 0.0.16 NOTE
r-release-windows-ix86+x86_64 0.0.16 5.00 43.00 48.00 NOTE
r-oldrel-macos-x86_64 0.0.16 NOTE
r-oldrel-windows-ix86+x86_64 0.0.16 5.00 42.00 47.00 NOTE

Check Details

Version: 0.0.16
Check: DESCRIPTION meta-information
Result: NOTE
    Malformed Title field: should not end in a period.
Flavors: r-devel-linux-x86_64-debian-clang, r-devel-linux-x86_64-debian-gcc, r-devel-linux-x86_64-fedora-clang, r-devel-linux-x86_64-fedora-gcc, r-devel-windows-x86_64-new-UL, r-devel-windows-x86_64-new-TK, r-patched-linux-x86_64, r-release-linux-x86_64, r-release-macos-arm64, r-release-macos-x86_64, r-release-windows-ix86+x86_64, r-oldrel-macos-x86_64, r-oldrel-windows-ix86+x86_64

Version: 0.0.16
Check: Rd line widths
Result: NOTE
    Rd file 'VegTypeChanges.Rd':
     \examples lines wider than 100 characters:
     ## vegChanges = VegTypeChanges(ncdf.th <- system.file("netcdf", "WW2100_HadGEM2-ES85_year_sample.nc", PACKAGE = "MC2toPath")path, base. ... [TRUNCATED]
    
    These lines will be truncated in the PDF manual.
Flavors: r-devel-linux-x86_64-debian-clang, r-devel-linux-x86_64-debian-gcc, r-devel-linux-x86_64-fedora-clang, r-devel-linux-x86_64-fedora-gcc, r-patched-linux-x86_64, r-release-linux-x86_64

Version: 0.0.16
Check: for non-standard things in the check directory
Result: NOTE
    Found the following files/directories:
     'fireFracs.csv' 'fireProbabilityMultipliers.txt'
     'vegChangeProbabilityMultipliers.txt'
Flavors: r-devel-linux-x86_64-debian-clang, r-devel-linux-x86_64-debian-gcc, r-devel-linux-x86_64-fedora-clang, r-devel-linux-x86_64-fedora-gcc, r-patched-linux-x86_64, r-release-linux-x86_64