CRAN Package Check Results for Package MBESS

Last updated on 2022-01-27 09:49:37 CET.

Flavor Version Tinstall Tcheck Ttotal Status Flags
r-devel-linux-x86_64-debian-clang 4.8.1 18.17 114.97 133.14 OK
r-devel-linux-x86_64-debian-gcc 4.8.1 16.06 86.00 102.06 OK
r-devel-linux-x86_64-fedora-clang 4.8.1 180.86 OK
r-devel-linux-x86_64-fedora-gcc 4.8.1 160.91 OK
r-devel-windows-x86_64-new-UL 4.8.1 87.00 156.00 243.00 OK
r-devel-windows-x86_64-new-TK 4.8.1 ERROR
r-patched-linux-x86_64 4.8.1 28.25 111.24 139.49 OK
r-release-linux-x86_64 4.8.1 17.55 111.74 129.29 OK
r-release-macos-arm64 4.8.1 OK
r-release-macos-x86_64 4.8.1 OK
r-release-windows-ix86+x86_64 4.8.1 32.00 120.00 152.00 OK
r-oldrel-macos-x86_64 4.8.1 OK
r-oldrel-windows-ix86+x86_64 4.8.1 32.00 120.00 152.00 OK

Check Details

Version: 4.8.1
Check: package dependencies
Result: ERROR
    Package required but not available: 'sem'
    
    See section 'The DESCRIPTION file' in the 'Writing R Extensions'
    manual.
Flavor: r-devel-windows-x86_64-new-TK