Last updated on 2023-03-29 09:50:53 CEST.
Flavor | Version | Tinstall | Tcheck | Ttotal | Status | Flags |
---|---|---|---|---|---|---|
r-devel-linux-x86_64-debian-clang | 1.4.0 | 21.96 | 320.13 | 342.09 | OK | |
r-devel-linux-x86_64-debian-gcc | 1.4.0 | 19.60 | 242.08 | 261.68 | OK | |
r-devel-linux-x86_64-fedora-clang | 1.4.0 | 445.30 | OK | |||
r-devel-linux-x86_64-fedora-gcc | 1.4.0 | 443.62 | OK | |||
r-devel-windows-x86_64 | 1.4.0 | 111.00 | 390.00 | 501.00 | OK | |
r-patched-linux-x86_64 | 1.4.0 | 24.81 | 306.59 | 331.40 | OK | |
r-release-linux-x86_64 | 1.4.0 | 20.39 | 301.67 | 322.06 | OK | |
r-release-macos-arm64 | 1.4.0 | 133.00 | NOTE | |||
r-release-macos-x86_64 | 1.4.0 | 154.00 | NOTE | |||
r-release-windows-x86_64 | 1.4.0 | 101.00 | 351.00 | 452.00 | OK | |
r-oldrel-macos-arm64 | 1.4.0 | 126.00 | NOTE | |||
r-oldrel-macos-x86_64 | 1.4.0 | 155.00 | NOTE | |||
r-oldrel-windows-ix86+x86_64 | 1.4.0 | 46.00 | 349.00 | 395.00 | OK |
Version: 1.4.0
Check: package dependencies
Result: NOTE
Packages suggested but not available for checking:
'BSgenome.Hsapiens.NCBI.GRCh38', 'wiggleplotr'
Flavors: r-release-macos-arm64, r-release-macos-x86_64
Version: 1.4.0
Check: package dependencies
Result: NOTE
Package suggested but not available for checking: ‘wiggleplotr’
Flavors: r-oldrel-macos-arm64, r-oldrel-macos-x86_64