CRAN Package Check Results for Package LocalControl

Last updated on 2022-10-01 10:51:57 CEST.

Flavor Version Tinstall Tcheck Ttotal Status Flags
r-devel-linux-x86_64-debian-clang 1.1.3 34.26 82.96 117.22 NOTE
r-devel-linux-x86_64-debian-gcc 1.1.3 29.13 61.77 90.90 NOTE
r-devel-linux-x86_64-fedora-clang 1.1.3 172.16 NOTE
r-devel-linux-x86_64-fedora-gcc 1.1.3 160.47 NOTE
r-devel-windows-x86_64 1.1.3 82.00 148.00 230.00 NOTE
r-patched-linux-x86_64 1.1.3 32.99 79.18 112.17 OK
r-release-linux-x86_64 1.1.3 28.35 77.36 105.71 OK
r-release-macos-arm64 1.1.3 57.00 OK
r-release-macos-x86_64 1.1.3 65.00 OK
r-release-windows-x86_64 1.1.3 79.00 140.00 219.00 OK
r-oldrel-macos-arm64 1.1.3 54.00 OK
r-oldrel-macos-x86_64 1.1.3 64.00 OK
r-oldrel-windows-ix86+x86_64 1.1.3 83.00 138.00 221.00 OK

Check Details

Version: 1.1.3
Check: Rd files
Result: NOTE
    checkRd: (-1) SPSloess.Rd:71: Escaped LaTeX specials: \^ \^
Flavors: r-devel-linux-x86_64-debian-clang, r-devel-linux-x86_64-debian-gcc, r-devel-linux-x86_64-fedora-clang, r-devel-linux-x86_64-fedora-gcc, r-devel-windows-x86_64