CRAN Package Check Results for Package LinkageMapView

Last updated on 2022-05-16 09:50:11 CEST.

Flavor Version Tinstall Tcheck Ttotal Status Flags
r-devel-linux-x86_64-debian-clang 2.1.2 4.26 88.16 92.42 OK
r-devel-linux-x86_64-debian-gcc 2.1.2 3.37 63.21 66.58 OK
r-devel-linux-x86_64-fedora-clang 2.1.2 109.96 NOTE
r-devel-linux-x86_64-fedora-gcc 2.1.2 109.92 NOTE
r-devel-windows-x86_64 2.1.2 25.00 116.00 141.00 OK
r-patched-linux-x86_64 2.1.2 3.88 85.33 89.21 OK
r-release-linux-x86_64 2.1.2 4.44 86.37 90.81 OK
r-release-macos-arm64 2.1.2 33.00 NOTE
r-release-macos-x86_64 2.1.2 57.00 NOTE
r-release-windows-x86_64 2.1.2 36.00 119.00 155.00 OK
r-oldrel-macos-arm64 2.1.2 37.00 NOTE
r-oldrel-macos-x86_64 2.1.2 90.00 NOTE
r-oldrel-windows-ix86+x86_64 2.1.2 9.00 113.00 122.00 OK

Check Details

Version: 2.1.2
Check: dependencies in R code
Result: NOTE
    Namespace in Imports field not imported from: ‘RColorBrewer’
     All declared Imports should be used.
Flavors: r-devel-linux-x86_64-fedora-clang, r-devel-linux-x86_64-fedora-gcc, r-release-macos-arm64, r-release-macos-x86_64, r-oldrel-macos-arm64, r-oldrel-macos-x86_64