CRAN Package Check Results for Package LabRS

Last updated on 2022-11-27 09:53:31 CET.

Flavor Version Tinstall Tcheck Ttotal Status Flags
r-devel-linux-x86_64-debian-clang 0.1.0 2.52 27.19 29.71 NOTE
r-devel-linux-x86_64-debian-gcc 0.1.0 1.91 21.48 23.39 NOTE
r-devel-linux-x86_64-fedora-clang 0.1.0 49.47 NOTE
r-devel-linux-x86_64-fedora-gcc 0.1.0 47.28 NOTE
r-devel-windows-x86_64 0.1.0 12.00 62.00 74.00 OK
r-patched-linux-x86_64 0.1.0 2.57 25.88 28.45 NOTE
r-release-linux-x86_64 0.1.0 2.60 26.14 28.74 NOTE
r-release-macos-arm64 0.1.0 18.00 OK
r-release-macos-x86_64 0.1.0 23.00 OK
r-release-windows-x86_64 0.1.0 20.00 58.00 78.00 OK
r-oldrel-macos-arm64 0.1.0 20.00 OK
r-oldrel-macos-x86_64 0.1.0 31.00 OK
r-oldrel-windows-ix86+x86_64 0.1.0 6.00 52.00 58.00 OK

Check Details

Version: 0.1.0
Check: for non-standard things in the check directory
Result: NOTE
    Found the following files/directories:
     'MYSLID.csv' 'tabelle.csv'
Flavors: r-devel-linux-x86_64-debian-clang, r-devel-linux-x86_64-debian-gcc, r-devel-linux-x86_64-fedora-clang, r-devel-linux-x86_64-fedora-gcc, r-patched-linux-x86_64, r-release-linux-x86_64

Version: 0.1.0
Check: Rd cross-references
Result: NOTE
    Undeclared packages ‘carData’, ‘factoextra’, ‘labstatR’ in Rd xrefs
Flavor: r-devel-linux-x86_64-fedora-clang