CRAN Package Check Results for Package LIM

Last updated on 2022-08-13 10:50:32 CEST.

Flavor Version Tinstall Tcheck Ttotal Status Flags
r-devel-linux-x86_64-debian-clang 1.4.7 5.46 65.32 70.78 NOTE
r-devel-linux-x86_64-debian-gcc 1.4.7 3.56 50.04 53.60 NOTE
r-devel-linux-x86_64-fedora-clang 1.4.7 97.91 NOTE
r-devel-linux-x86_64-fedora-gcc 1.4.7 95.97 NOTE
r-devel-windows-x86_64 1.4.7 35.00 147.00 182.00 NOTE
r-patched-linux-x86_64 1.4.7 5.37 63.10 68.47 OK
r-release-linux-x86_64 1.4.7 4.45 62.18 66.63 OK
r-release-macos-arm64 1.4.7 39.00 OK
r-release-macos-x86_64 1.4.7 53.00 OK
r-release-windows-x86_64 1.4.7 9.00 142.00 151.00 OK
r-oldrel-macos-arm64 1.4.7 35.00 OK
r-oldrel-macos-x86_64 1.4.7 52.00 OK
r-oldrel-windows-ix86+x86_64 1.4.7 11.00 108.00 119.00 OK

Check Details

Version: 1.4.7
Check: Rd files
Result: NOTE
    checkRd: (-1) LIMEcoli.Rd:125: Escaped LaTeX specials: \_
    checkRd: (-1) Read.Rd:88: Escaped LaTeX specials: \#
    checkRd: (-1) Read.Rd:92: Escaped LaTeX specials: \#
    checkRd: (-1) Read.Rd:98: Escaped LaTeX specials: \#
    checkRd: (-1) Read.Rd:104: Escaped LaTeX specials: \#
    checkRd: (-1) Read.Rd:105: Escaped LaTeX specials: \# \#
    checkRd: (-1) Read.Rd:106: Escaped LaTeX specials: \# \#
    checkRd: (-1) Read.Rd:107: Escaped LaTeX specials: \#
    checkRd: (-1) Read.Rd:108: Escaped LaTeX specials: \#
    checkRd: (-1) Read.Rd:109: Escaped LaTeX specials: \#
    checkRd: (-1) Read.Rd:110: Escaped LaTeX specials: \#
    checkRd: (-1) Read.Rd:111: Escaped LaTeX specials: \# \#
    checkRd: (-1) Read.Rd:112: Escaped LaTeX specials: \# \#
    checkRd: (-1) Read.Rd:113: Escaped LaTeX specials: \#
    checkRd: (-1) Read.Rd:114: Escaped LaTeX specials: \# \#
Flavors: r-devel-linux-x86_64-debian-clang, r-devel-linux-x86_64-debian-gcc, r-devel-linux-x86_64-fedora-clang, r-devel-linux-x86_64-fedora-gcc, r-devel-windows-x86_64