CRAN Package Check Results for Package LCAvarsel

Last updated on 2024-06-10 09:49:08 CEST.

Flavor Version Tinstall Tcheck Ttotal Status Flags
r-devel-linux-x86_64-debian-clang 1.1 3.37 39.41 42.78 NOTE
r-devel-linux-x86_64-debian-gcc 1.1 2.58 30.36 32.94 NOTE
r-devel-linux-x86_64-fedora-clang 1.1 54.84 NOTE
r-devel-linux-x86_64-fedora-gcc 1.1 52.05 NOTE
r-devel-windows-x86_64 1.1 4.00 56.00 60.00 NOTE
r-patched-linux-x86_64 1.1 6.45 40.04 46.49 NOTE
r-release-linux-x86_64 1.1 4.15 37.76 41.91 NOTE
r-release-macos-arm64 1.1 21.00 NOTE
r-release-macos-x86_64 1.1 31.00 NOTE
r-release-windows-x86_64 1.1 4.00 56.00 60.00 NOTE
r-oldrel-macos-arm64 1.1 21.00 NOTE
r-oldrel-macos-x86_64 1.1 40.00 NOTE
r-oldrel-windows-x86_64 1.1 5.00 58.00 63.00 NOTE

Check Details

Version: 1.1
Check: LazyData
Result: NOTE 'LazyData' is specified without a 'data' directory Flavors: r-devel-linux-x86_64-debian-clang, r-devel-linux-x86_64-debian-gcc, r-devel-linux-x86_64-fedora-clang, r-devel-linux-x86_64-fedora-gcc, r-devel-windows-x86_64, r-patched-linux-x86_64, r-release-linux-x86_64, r-release-macos-arm64, r-release-macos-x86_64, r-release-windows-x86_64, r-oldrel-macos-arm64, r-oldrel-macos-x86_64, r-oldrel-windows-x86_64

Version: 1.1
Check: dependencies in R code
Result: NOTE Namespace in Imports field not imported from: ‘doParallel’ All declared Imports should be used. Flavors: r-devel-linux-x86_64-fedora-clang, r-devel-linux-x86_64-fedora-gcc