Last updated on 2023-02-03 09:55:36 CET.
Flavor | Version | Tinstall | Tcheck | Ttotal | Status | Flags |
---|---|---|---|---|---|---|
r-devel-linux-x86_64-debian-clang | 0.1.0 | 5.78 | 50.00 | 55.78 | WARN | |
r-devel-linux-x86_64-debian-gcc | 0.1.0 | 4.20 | 36.68 | 40.88 | WARN | |
r-devel-linux-x86_64-fedora-clang | 0.1.0 | 74.44 | WARN | |||
r-devel-linux-x86_64-fedora-gcc | 0.1.0 | 71.36 | WARN | |||
r-devel-windows-x86_64 | 0.1.0 | 10.00 | 78.00 | 88.00 | WARN | |
r-patched-linux-x86_64 | 0.1.0 | 5.98 | 47.28 | 53.26 | WARN | |
r-release-linux-x86_64 | 0.1.0 | 6.24 | 48.22 | 54.46 | WARN | |
r-release-macos-arm64 | 0.1.0 | 25.00 | OK | |||
r-release-macos-x86_64 | 0.1.0 | 45.00 | OK | |||
r-release-windows-x86_64 | 0.1.0 | 14.00 | 87.00 | 101.00 | OK | |
r-oldrel-macos-arm64 | 0.1.0 | 26.00 | OK | |||
r-oldrel-macos-x86_64 | 0.1.0 | 32.00 | OK | |||
r-oldrel-windows-ix86+x86_64 | 0.1.0 | 16.00 | 75.00 | 91.00 | WARN |
Version: 0.1.0
Check: whether package can be installed
Result: WARN
Found the following significant warnings:
Warning: replacing previous import ‘dplyr::where’ by ‘imager::where’ when loading ‘LARGB’
Flavors: r-devel-linux-x86_64-debian-clang, r-devel-linux-x86_64-debian-gcc, r-devel-linux-x86_64-fedora-clang, r-devel-linux-x86_64-fedora-gcc, r-devel-windows-x86_64, r-patched-linux-x86_64, r-release-linux-x86_64, r-oldrel-windows-ix86+x86_64