CRAN Package Check Results for Package L0Learn

Last updated on 2022-11-29 09:52:17 CET.

Flavor Version Tinstall Tcheck Ttotal Status Flags
r-devel-linux-x86_64-debian-clang 2.0.3 277.56 165.31 442.87 OK
r-devel-linux-x86_64-debian-gcc 2.0.3 207.11 187.75 394.86 OK
r-devel-linux-x86_64-fedora-clang 2.0.3 630.59 OK
r-devel-linux-x86_64-fedora-gcc 2.0.3 593.83 OK
r-devel-windows-x86_64 2.0.3 319.00 236.00 555.00 OK
r-patched-linux-x86_64 2.0.3 229.50 204.71 434.21 OK
r-release-linux-x86_64 2.0.3 221.55 203.72 425.27 OK
r-release-macos-arm64 2.0.3 141.00 NOTE
r-release-macos-x86_64 2.0.3 216.00 NOTE
r-release-windows-x86_64 2.0.3 189.00 245.00 434.00 OK
r-oldrel-macos-arm64 2.0.3 173.00 NOTE
r-oldrel-macos-x86_64 2.0.3 233.00 NOTE
r-oldrel-windows-ix86+x86_64 2.0.3 599.00 295.00 894.00 NOTE

Check Details

Version: 2.0.3
Check: installed package size
Result: NOTE
     installed size is 13.4Mb
     sub-directories of 1Mb or more:
     doc 2.4Mb
     libs 10.8Mb
Flavors: r-release-macos-arm64, r-release-macos-x86_64, r-oldrel-macos-arm64, r-oldrel-macos-x86_64, r-oldrel-windows-ix86+x86_64