CRAN Package Check Results for Package KCSKNNShiny

Last updated on 2022-06-25 09:53:46 CEST.

Flavor Version Tinstall Tcheck Ttotal Status Flags
r-devel-linux-x86_64-debian-clang 0.1.0 16.23 135.79 152.02 NOTE
r-devel-linux-x86_64-debian-gcc 0.1.0 13.46 98.09 111.55 NOTE
r-devel-linux-x86_64-fedora-clang 0.1.0 207.95 NOTE
r-devel-linux-x86_64-fedora-gcc 0.1.0 185.11 NOTE
r-devel-windows-x86_64 0.1.0 19.00 145.00 164.00 NOTE
r-patched-linux-x86_64 0.1.0 10.02 130.59 140.61 NOTE
r-release-linux-x86_64 0.1.0 10.55 129.48 140.03 NOTE
r-release-macos-arm64 0.1.0 49.00 NOTE
r-release-macos-x86_64 0.1.0 83.00 NOTE
r-release-windows-x86_64 0.1.0 22.00 146.00 168.00 NOTE
r-oldrel-macos-arm64 0.1.0 50.00 NOTE
r-oldrel-macos-x86_64 0.1.0 83.00 NOTE
r-oldrel-windows-ix86+x86_64 0.1.0 39.00 139.00 178.00 NOTE

Check Details

Version: 0.1.0
Check: LazyData
Result: NOTE
     'LazyData' is specified without a 'data' directory
Flavors: r-devel-linux-x86_64-debian-clang, r-devel-linux-x86_64-debian-gcc, r-devel-linux-x86_64-fedora-clang, r-devel-linux-x86_64-fedora-gcc, r-devel-windows-x86_64, r-patched-linux-x86_64, r-release-linux-x86_64, r-release-macos-arm64, r-release-macos-x86_64, r-release-windows-x86_64, r-oldrel-macos-arm64, r-oldrel-macos-x86_64, r-oldrel-windows-ix86+x86_64