CRAN Package Check Results for Package JMbayes2

Last updated on 2022-12-07 10:50:01 CET.

Flavor Version Tinstall Tcheck Ttotal Status Flags
r-devel-linux-x86_64-debian-clang 0.3-0 97.77 144.29 242.06 OK
r-devel-linux-x86_64-debian-gcc 0.3-0 87.61 103.91 191.52 OK
r-devel-linux-x86_64-fedora-clang 0.3-0 324.42 OK
r-devel-linux-x86_64-fedora-gcc 0.3-0 327.28 OK
r-devel-windows-x86_64 0.3-0 85.00 176.00 261.00 OK
r-patched-linux-x86_64 0.3-0 95.29 132.64 227.93 OK
r-release-linux-x86_64 0.3-0 88.25 140.50 228.75 OK
r-release-macos-arm64 0.3-0 80.00 NOTE
r-release-macos-x86_64 0.3-0 108.00 NOTE
r-release-windows-x86_64 0.3-0 91.00 181.00 272.00 OK
r-oldrel-macos-arm64 0.3-0 80.00 NOTE
r-oldrel-macos-x86_64 0.3-0 112.00 NOTE
r-oldrel-windows-ix86+x86_64 0.3-0 208.00 208.00 416.00 OK

Check Details

Version: 0.3-0
Check: installed package size
Result: NOTE
     installed size is 10.2Mb
     sub-directories of 1Mb or more:
     libs 9.6Mb
Flavors: r-release-macos-arm64, r-release-macos-x86_64, r-oldrel-macos-arm64, r-oldrel-macos-x86_64