Last updated on 2023-01-27 10:50:19 CET.
Flavor | Version | Tinstall | Tcheck | Ttotal | Status | Flags |
---|---|---|---|---|---|---|
r-devel-linux-x86_64-debian-clang | 2.3.0 | 9.27 | 157.94 | 167.21 | NOTE | |
r-devel-linux-x86_64-debian-gcc | 2.3.0 | 8.46 | 117.27 | 125.73 | NOTE | |
r-devel-linux-x86_64-fedora-clang | 2.3.0 | 199.71 | NOTE | |||
r-devel-linux-x86_64-fedora-gcc | 2.3.0 | 222.98 | NOTE | |||
r-devel-windows-x86_64 | 2.3.0 | 34.00 | 200.00 | 234.00 | NOTE | |
r-patched-linux-x86_64 | 2.3.0 | 12.42 | 146.21 | 158.63 | NOTE | |
r-release-linux-x86_64 | 2.3.0 | 11.17 | 150.35 | 161.52 | NOTE | |
r-release-macos-arm64 | 2.3.0 | 57.00 | NOTE | |||
r-release-macos-x86_64 | 2.3.0 | 147.00 | NOTE | |||
r-release-windows-x86_64 | 2.3.0 | 24.00 | 189.00 | 213.00 | NOTE | |
r-oldrel-macos-arm64 | 2.3.0 | 77.00 | NOTE | |||
r-oldrel-macos-x86_64 | 2.3.0 | 140.00 | NOTE | |||
r-oldrel-windows-ix86+x86_64 | 2.3.0 | 27.00 | 178.00 | 205.00 | NOTE |
Version: 2.3.0
Check: LazyData
Result: NOTE
'LazyData' is specified without a 'data' directory
Flavors: r-devel-linux-x86_64-debian-clang, r-devel-linux-x86_64-debian-gcc, r-devel-linux-x86_64-fedora-clang, r-devel-linux-x86_64-fedora-gcc, r-devel-windows-x86_64, r-patched-linux-x86_64, r-release-linux-x86_64, r-release-macos-arm64, r-release-macos-x86_64, r-release-windows-x86_64, r-oldrel-macos-arm64, r-oldrel-macos-x86_64, r-oldrel-windows-ix86+x86_64