Last updated on 2023-06-03 10:52:58 CEST.
Flavor | Version | Tinstall | Tcheck | Ttotal | Status | Flags |
---|---|---|---|---|---|---|
r-devel-linux-x86_64-debian-clang | 1.0.4 | 12.50 | 174.02 | 186.52 | OK | |
r-devel-linux-x86_64-debian-gcc | 1.0.4 | 10.39 | 131.37 | 141.76 | OK | |
r-devel-linux-x86_64-fedora-clang | 1.0.4 | 230.28 | NOTE | |||
r-devel-linux-x86_64-fedora-gcc | 1.0.4 | 249.05 | NOTE | |||
r-devel-windows-x86_64 | 1.0.4 | 12.00 | 233.00 | 245.00 | OK | |
r-patched-linux-x86_64 | 1.0.4 | OK | ||||
r-release-linux-x86_64 | 1.0.4 | 8.01 | 165.11 | 173.12 | OK | |
r-release-macos-arm64 | 1.0.4 | 96.00 | OK | |||
r-release-macos-x86_64 | 1.0.4 | 135.00 | OK | |||
r-release-windows-x86_64 | 1.0.4 | 14.00 | 219.00 | 233.00 | OK | |
r-oldrel-macos-arm64 | 1.0.4 | 93.00 | NOTE | |||
r-oldrel-macos-x86_64 | 1.0.4 | 112.00 | NOTE | |||
r-oldrel-windows-x86_64 | 1.0.4 | 17.00 | 223.00 | 240.00 | OK |
Version: 1.0.4
Check: data for non-ASCII characters
Result: NOTE
Note: found 10 marked UTF-8 strings
Flavors: r-devel-linux-x86_64-fedora-clang, r-devel-linux-x86_64-fedora-gcc, r-oldrel-macos-arm64, r-oldrel-macos-x86_64
Version: 1.0.4
Check: for detritus in the temp directory
Result: NOTE
Found the following files/directories:
‘Crashpad’
Flavor: r-devel-linux-x86_64-fedora-gcc