CRAN Package Check Results for Package IMTest

Last updated on 2022-01-21 10:53:59 CET.

Flavor Version Tinstall Tcheck Ttotal Status Flags
r-devel-linux-x86_64-debian-clang 1.0.0 8.52 362.88 371.40 OK
r-devel-linux-x86_64-debian-gcc 1.0.0 7.12 272.20 279.32 OK
r-devel-linux-x86_64-fedora-clang 1.0.0 415.71 NOTE
r-devel-linux-x86_64-fedora-gcc 1.0.0 408.90 NOTE
r-devel-windows-x86_64-new-UL 1.0.0 27.00 409.00 436.00 OK
r-devel-windows-x86_64-new-TK 1.0.0 NOTE
r-patched-linux-x86_64 1.0.0 8.64 324.36 333.00 OK
r-release-linux-x86_64 1.0.0 7.56 321.35 328.91 OK
r-release-macos-arm64 1.0.0 NOTE
r-release-macos-x86_64 1.0.0 NOTE
r-release-windows-ix86+x86_64 1.0.0 17.00 451.00 468.00 OK
r-oldrel-macos-x86_64 1.0.0 NOTE
r-oldrel-windows-ix86+x86_64 1.0.0 17.00 448.00 465.00 OK

Check Details

Version: 1.0.0
Check: dependencies in R code
Result: NOTE
    Namespaces in Imports field not imported from:
     ‘lme4’ ‘reshape2’
     All declared Imports should be used.
Flavors: r-devel-linux-x86_64-fedora-clang, r-devel-linux-x86_64-fedora-gcc, r-devel-windows-x86_64-new-TK, r-release-macos-arm64, r-release-macos-x86_64, r-oldrel-macos-x86_64