Last updated on 2023-03-20 09:49:29 CET.
Flavor | Version | Tinstall | Tcheck | Ttotal | Status | Flags |
---|---|---|---|---|---|---|
r-devel-linux-x86_64-debian-clang | 2.3.10 | OK | ||||
r-devel-linux-x86_64-debian-gcc | 2.3.10 | 46.65 | 717.11 | 763.76 | OK | |
r-devel-linux-x86_64-fedora-clang | 2.3.10 | 1263.31 | OK | |||
r-devel-linux-x86_64-fedora-gcc | 2.3.10 | 1142.96 | OK | |||
r-devel-windows-x86_64 | 2.3.10 | 199.00 | 910.00 | 1109.00 | OK | |
r-patched-linux-x86_64 | 2.3.10 | 52.66 | 863.35 | 916.01 | OK | |
r-release-linux-x86_64 | 2.3.10 | 42.31 | 860.64 | 902.95 | OK | |
r-release-macos-arm64 | 2.3.10 | 164.00 | NOTE | |||
r-release-macos-x86_64 | 2.3.10 | 277.00 | NOTE | |||
r-release-windows-x86_64 | 2.3.10 | 198.00 | 850.00 | 1048.00 | OK | |
r-oldrel-macos-arm64 | 2.3.10 | 371.00 | NOTE | |||
r-oldrel-macos-x86_64 | 2.3.10 | 241.00 | NOTE | |||
r-oldrel-windows-ix86+x86_64 | 2.3.10 | 111.00 | 882.00 | 993.00 | OK |
Version: 2.3.10
Check: package dependencies
Result: NOTE
Packages suggested but not available for checking:
'BSgenome.Hsapiens.1000genomes.hs37d5',
'BSgenome.Hsapiens.UCSC.hg38', 'BSgenome.Mmusculus.UCSC.mm10'
Flavors: r-release-macos-arm64, r-release-macos-x86_64, r-oldrel-macos-x86_64
Version: 2.3.10
Check: package dependencies
Result: NOTE
Package suggested but not available for checking: ‘BSgenome.Mmusculus.UCSC.mm10’
Flavor: r-oldrel-macos-arm64