Last updated on 2025-01-12 11:49:24 CET.
Flavor | Version | Tinstall | Tcheck | Ttotal | Status | Flags |
---|---|---|---|---|---|---|
r-devel-linux-x86_64-debian-clang | 5.2-1 | 53.11 | 292.63 | 345.74 | NOTE | |
r-devel-linux-x86_64-debian-gcc | 5.2-1 | 32.19 | 178.31 | 210.50 | NOTE | |
r-devel-linux-x86_64-fedora-clang | 5.2-1 | 620.11 | NOTE | |||
r-devel-linux-x86_64-fedora-gcc | 5.2-2 | 551.56 | NOTE | |||
r-devel-windows-x86_64 | 5.2-2 | 63.00 | 335.00 | 398.00 | NOTE | |
r-patched-linux-x86_64 | 5.2-1 | 60.49 | 270.70 | 331.19 | NOTE | |
r-release-linux-x86_64 | 5.2-1 | 45.57 | 269.96 | 315.53 | NOTE | |
r-release-macos-arm64 | 5.2-1 | 118.00 | NOTE | |||
r-release-macos-x86_64 | 5.2-2 | 165.00 | NOTE | |||
r-release-windows-x86_64 | 5.2-2 | 60.00 | 340.00 | 400.00 | NOTE | |
r-oldrel-macos-arm64 | 5.2-1 | 120.00 | NOTE | |||
r-oldrel-macos-x86_64 | 5.2-2 | 234.00 | NOTE | |||
r-oldrel-windows-x86_64 | 5.2-2 | 66.00 | 416.00 | 482.00 | NOTE |
Version: 5.2-1
Check: R code for possible problems
Result: NOTE
html_describe_con: multiple local function definitions for āgā with
different formal arguments
Flavors: r-devel-linux-x86_64-debian-clang, r-devel-linux-x86_64-debian-gcc, r-devel-linux-x86_64-fedora-clang, r-patched-linux-x86_64, r-release-linux-x86_64, r-release-macos-arm64, r-oldrel-macos-arm64
Version: 5.2-2
Check: R code for possible problems
Result: NOTE
html_describe_con: multiple local function definitions for āgā with
different formal arguments
Flavors: r-devel-linux-x86_64-fedora-gcc, r-devel-windows-x86_64, r-release-macos-x86_64, r-release-windows-x86_64, r-oldrel-macos-x86_64, r-oldrel-windows-x86_64