Last updated on 2023-04-01 10:50:03 CEST.
Flavor | Version | Tinstall | Tcheck | Ttotal | Status | Flags |
---|---|---|---|---|---|---|
r-devel-linux-x86_64-debian-clang | 1.2.0 | 29.78 | 260.67 | 290.45 | OK | |
r-devel-linux-x86_64-debian-gcc | 1.2.0 | 21.43 | 192.77 | 214.20 | OK | |
r-devel-linux-x86_64-fedora-clang | 1.2.0 | 351.27 | OK | |||
r-devel-linux-x86_64-fedora-gcc | 1.2.0 | 365.43 | OK | |||
r-devel-windows-x86_64 | 1.2.0 | 132.00 | 360.00 | 492.00 | OK | |
r-patched-linux-x86_64 | 1.2.0 | 37.74 | 247.17 | 284.91 | OK | |
r-release-linux-x86_64 | 1.2.0 | 27.14 | 239.15 | 266.29 | OK | |
r-release-macos-arm64 | 1.2.0 | 66.00 | OK | |||
r-release-macos-x86_64 | 1.2.0 | 116.00 | OK | |||
r-release-windows-x86_64 | 1.2.0 | 114.00 | 339.00 | 453.00 | OK | |
r-oldrel-macos-arm64 | 1.2.0 | 86.00 | OK | |||
r-oldrel-macos-x86_64 | 1.2.0 | 128.00 | OK | |||
r-oldrel-windows-ix86+x86_64 | 1.2.0 | 70.00 | 317.00 | 387.00 | NOTE |
Version: 1.2.0
Check: dependencies in R code
Result: NOTE
Initiating curl with CURL_SSL_BACKEND: openssl
Flavor: r-oldrel-windows-ix86+x86_64