CRAN Package Check Results for Package HSDiC

Last updated on 2024-04-16 10:59:25 CEST.

Flavor Version Tinstall Tcheck Ttotal Status Flags
r-devel-linux-x86_64-debian-clang 0.1 8.00 72.12 80.12 NOTE
r-devel-linux-x86_64-debian-gcc 0.1 6.53 55.13 61.66 NOTE
r-devel-linux-x86_64-fedora-clang 0.1 99.07 NOTE
r-devel-linux-x86_64-fedora-gcc 0.1 95.61 NOTE
r-prerel-macos-arm64 0.1 31.00 NOTE
r-prerel-windows-x86_64 0.1 8.00 74.00 82.00 NOTE
r-patched-linux-x86_64 0.1 8.65 70.94 79.59 NOTE
r-release-linux-x86_64 0.1 6.80 73.79 80.59 NOTE
r-release-macos-arm64 0.1 36.00 NOTE
r-release-macos-x86_64 0.1 53.00 NOTE
r-release-windows-x86_64 0.1 10.00 87.00 97.00 NOTE
r-oldrel-macos-arm64 0.1 36.00 NOTE
r-oldrel-windows-x86_64 0.1 10.00 91.00 101.00 NOTE

Check Details

Version: 0.1
Check: LazyData
Result: NOTE 'LazyData' is specified without a 'data' directory Flavors: r-devel-linux-x86_64-debian-clang, r-devel-linux-x86_64-debian-gcc, r-devel-linux-x86_64-fedora-clang, r-devel-linux-x86_64-fedora-gcc, r-prerel-macos-arm64, r-prerel-windows-x86_64, r-patched-linux-x86_64, r-release-linux-x86_64, r-release-macos-arm64, r-release-macos-x86_64, r-release-windows-x86_64, r-oldrel-macos-arm64, r-oldrel-windows-x86_64