CRAN Package Check Results for Package HMMmlselect

Last updated on 2022-01-28 10:53:16 CET.

Flavor Version Tinstall Tcheck Ttotal Status Flags
r-devel-linux-x86_64-debian-clang 0.1.6 27.60 103.14 130.74 NOTE
r-devel-linux-x86_64-debian-gcc 0.1.6 26.20 78.91 105.11 NOTE
r-devel-linux-x86_64-fedora-clang 0.1.6 233.23 NOTE
r-devel-linux-x86_64-fedora-gcc 0.1.6 230.20 NOTE
r-devel-windows-x86_64-new-UL 0.1.6 57.00 149.00 206.00 NOTE
r-devel-windows-x86_64-new-TK 0.1.6 NOTE
r-patched-linux-x86_64 0.1.6 33.20 139.12 172.32 NOTE
r-release-linux-x86_64 0.1.6 39.37 137.97 177.34 NOTE
r-release-macos-arm64 0.1.6 NOTE
r-release-macos-x86_64 0.1.6 NOTE
r-release-windows-ix86+x86_64 0.1.6 87.00 258.00 345.00 NOTE
r-oldrel-macos-x86_64 0.1.6 OK
r-oldrel-windows-ix86+x86_64 0.1.6 85.00 261.00 346.00 OK

Check Details

Version: 0.1.6
Check: LazyData
Result: NOTE
     'LazyData' is specified without a 'data' directory
Flavors: r-devel-linux-x86_64-debian-clang, r-devel-linux-x86_64-debian-gcc, r-devel-linux-x86_64-fedora-clang, r-devel-linux-x86_64-fedora-gcc, r-devel-windows-x86_64-new-UL, r-devel-windows-x86_64-new-TK, r-patched-linux-x86_64, r-release-linux-x86_64, r-release-macos-arm64, r-release-macos-x86_64, r-release-windows-ix86+x86_64