CRAN Package Check Results for Package GmAMisc

Last updated on 2022-01-16 10:48:33 CET.

Flavor Version Tinstall Tcheck Ttotal Status Flags
r-devel-linux-x86_64-debian-clang 1.2.0 46.63 406.00 452.63 OK
r-devel-linux-x86_64-debian-gcc 1.2.0 36.25 326.20 362.45 OK
r-devel-linux-x86_64-fedora-clang 1.2.0 535.16 NOTE
r-devel-linux-x86_64-fedora-gcc 1.2.0 515.16 OK
r-devel-windows-x86_64-new-UL 1.2.0 90.00 428.00 518.00 OK
r-devel-windows-x86_64-new-TK 1.2.0 ERROR
r-patched-linux-x86_64 1.2.0 38.20 382.81 421.01 OK
r-release-linux-x86_64 1.2.0 OK
r-release-macos-arm64 1.2.0 OK
r-release-macos-x86_64 1.2.0 OK
r-release-windows-ix86+x86_64 1.2.0 104.00 461.00 565.00 OK
r-oldrel-macos-x86_64 1.2.0 OK
r-oldrel-windows-ix86+x86_64 1.2.0 108.00 475.00 583.00 OK

Check Details

Version: 1.2.0
Check: package dependencies
Result: NOTE
    Imports includes 25 non-default packages.
    Importing from so many packages makes the package vulnerable to any of
    them becoming unavailable. Move as many as possible to Suggests and
    use conditionally.
Flavor: r-devel-linux-x86_64-fedora-clang

Version: 1.2.0
Check: package dependencies
Result: ERROR
    Package required but not available: 'RcmdrMisc'
    
    See section 'The DESCRIPTION file' in the 'Writing R Extensions'
    manual.
Flavor: r-devel-windows-x86_64-new-TK