CRAN Package Check Results for Package GenomeAdmixR

Last updated on 2022-11-27 09:53:28 CET.

Flavor Version Tinstall Tcheck Ttotal Status Flags
r-devel-linux-x86_64-debian-clang 2.1.7 104.41 345.98 450.39 OK
r-devel-linux-x86_64-debian-gcc 2.1.7 90.08 260.95 351.03 OK
r-devel-linux-x86_64-fedora-clang 2.1.7 573.14 NOTE
r-devel-linux-x86_64-fedora-gcc 2.1.7 574.19 NOTE
r-devel-windows-x86_64 2.1.7 144.00 394.00 538.00 OK
r-patched-linux-x86_64 2.1.7 87.59 328.12 415.71 OK
r-release-linux-x86_64 2.1.7 70.51 321.39 391.90 OK
r-release-macos-arm64 2.1.7 124.00 NOTE
r-release-macos-x86_64 2.1.7 299.00 NOTE
r-release-windows-x86_64 2.1.7 162.00 415.00 577.00 OK
r-oldrel-macos-arm64 2.1.7 147.00 NOTE
r-oldrel-macos-x86_64 2.1.7 195.00 NOTE
r-oldrel-windows-ix86+x86_64 2.1.7 269.00 531.00 800.00 NOTE

Check Details

Version: 2.1.7
Check: dependencies in R code
Result: NOTE
    Namespace in Imports field not imported from: ‘methods’
     All declared Imports should be used.
Flavors: r-devel-linux-x86_64-fedora-clang, r-devel-linux-x86_64-fedora-gcc, r-release-macos-arm64, r-release-macos-x86_64, r-oldrel-macos-arm64, r-oldrel-macos-x86_64

Version: 2.1.7
Check: installed package size
Result: NOTE
     installed size is 6.8Mb
     sub-directories of 1Mb or more:
     doc 2.0Mb
     libs 4.3Mb
Flavors: r-release-macos-arm64, r-release-macos-x86_64, r-oldrel-macos-arm64, r-oldrel-macos-x86_64, r-oldrel-windows-ix86+x86_64