Last updated on 2023-04-01 10:50:03 CEST.
Flavor | Version | Tinstall | Tcheck | Ttotal | Status | Flags |
---|---|---|---|---|---|---|
r-devel-linux-x86_64-debian-clang | 3.1.1 | 46.78 | 400.91 | 447.69 | NOTE | |
r-devel-linux-x86_64-debian-gcc | 3.1.1 | 40.41 | 291.98 | 332.39 | NOTE | |
r-devel-linux-x86_64-fedora-clang | 3.1.1 | 580.56 | NOTE | |||
r-devel-linux-x86_64-fedora-gcc | 3.1.1 | 548.01 | NOTE | |||
r-devel-windows-x86_64 | 3.1.1 | 52.00 | 0.00 | 52.00 | NOTE | |
r-patched-linux-x86_64 | 3.1.1 | 44.77 | 378.11 | 422.88 | NOTE | |
r-release-linux-x86_64 | 3.1.1 | 50.69 | 376.48 | 427.17 | OK | |
r-release-macos-arm64 | 3.1.1 | 93.00 | OK | |||
r-release-macos-x86_64 | 3.1.1 | 216.00 | OK | |||
r-release-windows-x86_64 | 3.1.1 | 68.00 | 379.00 | 447.00 | OK | |
r-oldrel-macos-arm64 | 3.1.1 | 91.00 | OK | |||
r-oldrel-macos-x86_64 | 3.1.1 | 140.00 | OK | |||
r-oldrel-windows-ix86+x86_64 | 3.1.1 | 99.00 | 351.00 | 450.00 | OK |
Version: 3.1.1
Check: package subdirectories
Result: NOTE
Problems with news in ‘NEWS.md’:
No news entries found.
Flavors: r-devel-linux-x86_64-debian-clang, r-devel-linux-x86_64-debian-gcc, r-devel-linux-x86_64-fedora-clang, r-devel-linux-x86_64-fedora-gcc, r-devel-windows-x86_64, r-patched-linux-x86_64
Version: 3.1.1
Check: package dependencies
Result: NOTE
Imports includes 21 non-default packages.
Importing from so many packages makes the package vulnerable to any of
them becoming unavailable. Move as many as possible to Suggests and
use conditionally.
Flavor: r-devel-linux-x86_64-fedora-clang