CRAN Package Check Results for Package GUniFrac

Last updated on 2021-11-27 10:52:07 CET.

Flavor Version Tinstall Tcheck Ttotal Status Flags
r-devel-linux-x86_64-debian-clang 1.4 OK
r-devel-linux-x86_64-debian-gcc 1.4 19.54 115.23 134.77 OK
r-devel-linux-x86_64-fedora-clang 1.4 245.69 NOTE
r-devel-linux-x86_64-fedora-gcc 1.4 224.71 OK
r-devel-windows-x86_64-new-UL 1.4 50.00 222.00 272.00 OK
r-devel-windows-x86_64-new-TK 1.4 OK
r-devel-windows-x86_64-old 1.4 38.00 203.00 241.00 OK
r-patched-linux-x86_64 1.4 31.95 147.28 179.23 OK
r-patched-solaris-x86 1.4 267.70 OK
r-release-linux-x86_64 1.4 OK
r-release-macos-arm64 1.4 OK
r-release-macos-x86_64 1.4 OK
r-release-windows-ix86+x86_64 1.4 74.00 198.00 272.00 OK
r-oldrel-macos-x86_64 1.4 OK
r-oldrel-windows-ix86+x86_64 1.4 75.00 292.00 367.00 OK

Check Details

Version: 1.4
Check: Rd cross-references
Result: NOTE
    Undeclared package ‘permute’ in Rd xrefs
Flavor: r-devel-linux-x86_64-fedora-clang