Last updated on 2023-03-23 10:54:32 CET.
Flavor | Version | Tinstall | Tcheck | Ttotal | Status | Flags |
---|---|---|---|---|---|---|
r-devel-linux-x86_64-debian-clang | 1.7 | 33.67 | 182.28 | 215.95 | OK | |
r-devel-linux-x86_64-debian-gcc | 1.7 | 26.69 | 131.68 | 158.37 | OK | |
r-devel-linux-x86_64-fedora-clang | 1.7 | 285.64 | NOTE | |||
r-devel-linux-x86_64-fedora-gcc | 1.7 | 294.29 | OK | |||
r-devel-windows-x86_64 | 1.7 | 66.00 | 226.00 | 292.00 | OK | |
r-patched-linux-x86_64 | 1.7 | 34.79 | 167.76 | 202.55 | OK | |
r-release-linux-x86_64 | 1.7 | 27.16 | 171.01 | 198.17 | OK | |
r-release-macos-arm64 | 1.7 | 83.00 | OK | |||
r-release-macos-x86_64 | 1.7 | 107.00 | OK | |||
r-release-windows-x86_64 | 1.7 | 46.00 | 217.00 | 263.00 | OK | |
r-oldrel-macos-arm64 | 1.7 | 80.00 | OK | |||
r-oldrel-macos-x86_64 | 1.7 | 109.00 | OK | |||
r-oldrel-windows-ix86+x86_64 | 1.7 | 77.00 | 296.00 | 373.00 | OK |
Version: 1.7
Check: Rd cross-references
Result: NOTE
Undeclared package ‘permute’ in Rd xrefs
Flavor: r-devel-linux-x86_64-fedora-clang