CRAN Package Check Results for Package GUIProfiler

Last updated on 2021-11-30 10:51:08 CET.

Flavor Version Tinstall Tcheck Ttotal Status Flags
r-devel-linux-x86_64-debian-clang 2.0.1 4.26 54.03 58.29 NOTE
r-devel-linux-x86_64-debian-gcc 2.0.1 3.94 42.35 46.29 NOTE
r-devel-linux-x86_64-fedora-clang 2.0.1 83.85 NOTE
r-devel-linux-x86_64-fedora-gcc 2.0.1 70.68 NOTE
r-devel-windows-x86_64-new-UL 2.0.1 10.00 92.00 102.00 OK
r-devel-windows-x86_64-new-TK 2.0.1 OK
r-devel-windows-x86_64-old 2.0.1 9.00 62.00 71.00 OK
r-patched-linux-x86_64 2.0.1 4.87 55.18 60.05 NOTE
r-patched-solaris-x86 2.0.1 142.70 NOTE
r-release-linux-x86_64 2.0.1 5.04 54.23 59.27 NOTE
r-release-macos-arm64 2.0.1 OK
r-release-macos-x86_64 2.0.1 OK
r-release-windows-ix86+x86_64 2.0.1 11.00 58.00 69.00 OK
r-oldrel-macos-x86_64 2.0.1 OK
r-oldrel-windows-ix86+x86_64 2.0.1 10.00 59.00 69.00 OK

Check Details

Version: 2.0.1
Check: for non-standard things in the check directory
Result: NOTE
    Found the following files/directories:
     'RRprof.out'
Flavors: r-devel-linux-x86_64-debian-clang, r-devel-linux-x86_64-debian-gcc, r-devel-linux-x86_64-fedora-clang, r-devel-linux-x86_64-fedora-gcc, r-patched-linux-x86_64, r-patched-solaris-x86, r-release-linux-x86_64