CRAN Package Check Results for Package GPvecchia

Last updated on 2022-01-20 10:52:30 CET.

Flavor Version Tinstall Tcheck Ttotal Status Flags
r-devel-linux-x86_64-debian-clang 0.1.3 OK
r-devel-linux-x86_64-debian-gcc 0.1.3 101.47 60.81 162.28 OK
r-devel-linux-x86_64-fedora-clang 0.1.3 325.73 NOTE
r-devel-linux-x86_64-fedora-gcc 0.1.3 273.31 OK
r-devel-windows-x86_64-new-UL 0.1.3 283.00 139.00 422.00 OK
r-devel-windows-x86_64-new-TK 0.1.3 OK
r-patched-linux-x86_64 0.1.3 118.05 68.04 186.09 OK
r-release-linux-x86_64 0.1.3 120.13 68.58 188.71 OK
r-release-macos-arm64 0.1.3 NOTE
r-release-macos-x86_64 0.1.3 NOTE
r-release-windows-ix86+x86_64 0.1.3 324.00 118.00 442.00 OK
r-oldrel-macos-x86_64 0.1.3 NOTE
r-oldrel-windows-ix86+x86_64 0.1.3 324.00 119.00 443.00 OK

Check Details

Version: 0.1.3
Check: installed package size
Result: NOTE
     installed size is 5.1Mb
     sub-directories of 1Mb or more:
     libs 4.6Mb
Flavors: r-devel-linux-x86_64-fedora-clang, r-release-macos-arm64, r-release-macos-x86_64, r-oldrel-macos-x86_64