CRAN Package Check Results for Package GDINA

Last updated on 2022-01-25 09:48:36 CET.

Flavor Version Tinstall Tcheck Ttotal Status Flags
r-devel-linux-x86_64-debian-clang 2.8.8 242.53 123.66 366.19 OK
r-devel-linux-x86_64-debian-gcc 2.8.8 189.48 101.03 290.51 OK
r-devel-linux-x86_64-fedora-clang 2.8.8 573.68 NOTE
r-devel-linux-x86_64-fedora-gcc 2.8.8 483.63 OK
r-devel-windows-x86_64-new-UL 2.8.8 257.00 170.00 427.00 OK
r-devel-windows-x86_64-new-TK 2.8.8 NOTE
r-patched-linux-x86_64 2.8.8 213.17 115.05 328.22 OK
r-release-linux-x86_64 2.8.8 212.57 114.89 327.46 OK
r-release-macos-arm64 2.8.7 NOTE
r-release-macos-x86_64 2.8.8 NOTE
r-release-windows-ix86+x86_64 2.8.8 579.00 177.00 756.00 OK
r-oldrel-macos-x86_64 2.8.7 NOTE
r-oldrel-windows-ix86+x86_64 2.8.8 580.00 180.00 760.00 OK

Check Details

Version: 2.8.8
Check: installed package size
Result: NOTE
     installed size is 12.8Mb
     sub-directories of 1Mb or more:
     libs 11.8Mb
Flavors: r-devel-linux-x86_64-fedora-clang, r-release-macos-x86_64

Version: 2.8.8
Check: Rd cross-references
Result: NOTE
    Undeclared package ‘nloptr’ in Rd xrefs
Flavor: r-devel-linux-x86_64-fedora-clang

Version: 2.8.8
Check: Rd cross-references
Result: NOTE
    Package unavailable to check Rd xrefs: 'nloptr'
Flavor: r-devel-windows-x86_64-new-TK

Version: 2.8.7
Check: installed package size
Result: NOTE
     installed size is 15.6Mb
     sub-directories of 1Mb or more:
     libs 14.6Mb
Flavors: r-release-macos-arm64, r-oldrel-macos-x86_64