CRAN Package Check Results for Package GDAtools

Last updated on 2022-01-21 10:53:57 CET.

Flavor Version Tinstall Tcheck Ttotal Status Flags
r-devel-linux-x86_64-debian-clang 1.7 14.70 217.31 232.01 OK
r-devel-linux-x86_64-debian-gcc 1.7 9.46 158.95 168.41 OK
r-devel-linux-x86_64-fedora-clang 1.7 282.08 NOTE
r-devel-linux-x86_64-fedora-gcc 1.7 270.72 OK
r-devel-windows-x86_64-new-UL 1.7 75.00 287.00 362.00 NOTE
r-devel-windows-x86_64-new-TK 1.7 OK
r-patched-linux-x86_64 1.7 19.86 203.46 223.32 OK
r-release-linux-x86_64 1.7 12.30 205.23 217.53 OK
r-release-macos-arm64 1.7 NOTE
r-release-macos-x86_64 1.7 NOTE
r-release-windows-ix86+x86_64 1.7 26.00 252.00 278.00 NOTE
r-oldrel-macos-x86_64 1.7 NOTE
r-oldrel-windows-ix86+x86_64 1.7 26.00 244.00 270.00 NOTE

Check Details

Version: 1.7
Check: installed package size
Result: NOTE
     installed size is 5.3Mb
     sub-directories of 1Mb or more:
     doc 4.7Mb
Flavors: r-devel-linux-x86_64-fedora-clang, r-devel-windows-x86_64-new-UL, r-release-macos-arm64, r-release-macos-x86_64, r-release-windows-ix86+x86_64, r-oldrel-macos-x86_64, r-oldrel-windows-ix86+x86_64

Version: 1.7
Check: Rd cross-references
Result: NOTE
    Undeclared package ‘vcd’ in Rd xrefs
Flavor: r-devel-linux-x86_64-fedora-clang