Last updated on 2023-06-01 10:58:18 CEST.
Flavor | Version | Tinstall | Tcheck | Ttotal | Status | Flags |
---|---|---|---|---|---|---|
r-devel-linux-x86_64-debian-clang | 2.3 | 14.34 | 165.44 | 179.78 | OK | |
r-devel-linux-x86_64-debian-gcc | 2.3 | 14.72 | 123.44 | 138.16 | OK | |
r-devel-linux-x86_64-fedora-clang | 2.3 | 227.45 | OK | |||
r-devel-linux-x86_64-fedora-gcc | 2.3 | 234.03 | OK | |||
r-devel-windows-x86_64 | 2.3 | 16.00 | 138.00 | 154.00 | OK | |
r-patched-linux-x86_64 | 2.3 | OK | ||||
r-release-linux-x86_64 | 2.3 | 15.33 | 156.81 | 172.14 | OK | |
r-release-macos-arm64 | 2.3 | 56.00 | OK | |||
r-release-macos-x86_64 | 2.2-3 | 107.00 | NOTE | |||
r-release-windows-x86_64 | 2.3 | 21.00 | 164.00 | 185.00 | OK | |
r-oldrel-macos-arm64 | 2.3 | 63.00 | OK | |||
r-oldrel-macos-x86_64 | 2.3 | 77.00 | OK | |||
r-oldrel-windows-x86_64 | 2.3 | 21.00 | 174.00 | 195.00 | OK |
Version: 2.2-3
Check: Rd files
Result: NOTE
checkRd: (-1) CatalogueAccessors.Rd:249: Escaped LaTeX specials: \^ \^
checkRd: (-1) FrF2.Rd:574: Escaped LaTeX specials: \^
checkRd: (-1) FrF2.Rd:629: Escaped LaTeX specials: \^ \^
checkRd: (-1) IAPlot.Rd:87: Escaped LaTeX specials: \$
checkRd: (-1) block.Rd:121: Escaped LaTeX specials: \^
checkRd: (-1) block.Rd:150: Escaped LaTeX specials: \^ \^
checkRd: (-1) blockpick.Rd:114: Escaped LaTeX specials: \^ \^
Flavor: r-release-macos-x86_64