Last updated on 2023-03-31 09:54:08 CEST.
Flavor | Version | Tinstall | Tcheck | Ttotal | Status | Flags |
---|---|---|---|---|---|---|
r-devel-linux-x86_64-debian-clang | 1.3.1 | 14.73 | 217.94 | 232.67 | OK | |
r-devel-linux-x86_64-debian-gcc | 1.3.1 | 13.33 | 161.64 | 174.97 | OK | |
r-devel-linux-x86_64-fedora-clang | 1.3.1 | 287.59 | NOTE | |||
r-devel-linux-x86_64-fedora-gcc | 1.3.1 | 272.07 | OK | |||
r-devel-windows-x86_64 | 1.3.1 | 34.00 | 0.00 | 34.00 | OK | |
r-patched-linux-x86_64 | 1.3.1 | 21.17 | 207.97 | 229.14 | OK | |
r-release-linux-x86_64 | 1.3.1 | 14.71 | 199.65 | 214.36 | OK | |
r-release-macos-arm64 | 1.3.1 | 76.00 | OK | |||
r-release-macos-x86_64 | 1.3.1 | 130.00 | OK | |||
r-release-windows-x86_64 | 1.3.1 | 44.00 | 246.00 | 290.00 | OK | |
r-oldrel-macos-arm64 | 1.3.1 | 81.00 | OK | |||
r-oldrel-macos-x86_64 | 1.3.1 | 145.00 | OK | |||
r-oldrel-windows-ix86+x86_64 | 1.3.1 | 38.00 | 234.00 | 272.00 | NOTE |
Version: 1.3.1
Check: Rd cross-references
Result: NOTE
Undeclared package ‘ForecastCombinations’ in Rd xrefs
Flavor: r-devel-linux-x86_64-fedora-clang
Version: 1.3.1
Check: R code for possible problems
Result: NOTE
Initiating curl with CURL_SSL_BACKEND: openssl
Flavor: r-oldrel-windows-ix86+x86_64