CRAN Package Check Results for Package ForImp

Last updated on 2021-11-29 09:52:38 CET.

Flavor Version Tinstall Tcheck Ttotal Status Flags
r-devel-linux-x86_64-debian-clang 1.0.3 NOTE
r-devel-linux-x86_64-debian-gcc 1.0.3 2.95 27.89 30.84 NOTE
r-devel-linux-x86_64-fedora-clang 1.0.3 59.51 NOTE
r-devel-linux-x86_64-fedora-gcc 1.0.3 48.35 NOTE
r-devel-windows-x86_64-new-UL 1.0.3 11.00 75.00 86.00 NOTE
r-devel-windows-x86_64-new-TK 1.0.3 NOTE
r-devel-windows-x86_64-old 1.0.3 5.00 58.00 63.00 NOTE
r-patched-linux-x86_64 1.0.3 4.05 34.41 38.46 NOTE
r-patched-solaris-x86 1.0.3 75.00 NOTE
r-release-linux-x86_64 1.0.3 3.50 34.21 37.71 NOTE
r-release-macos-arm64 1.0.3 NOTE
r-release-macos-x86_64 1.0.3 NOTE
r-release-windows-ix86+x86_64 1.0.3 9.00 41.00 50.00 NOTE
r-oldrel-macos-x86_64 1.0.3 NOTE
r-oldrel-windows-ix86+x86_64 1.0.3 8.00 63.00 71.00 NOTE

Check Details

Version: 1.0.3
Check: DESCRIPTION meta-information
Result: NOTE
    Malformed Description field: should contain one or more complete sentences.
Flavors: r-devel-linux-x86_64-debian-clang, r-devel-linux-x86_64-debian-gcc, r-devel-linux-x86_64-fedora-clang, r-devel-linux-x86_64-fedora-gcc, r-devel-windows-x86_64-new-UL, r-devel-windows-x86_64-new-TK, r-devel-windows-x86_64-old, r-patched-linux-x86_64, r-patched-solaris-x86, r-release-linux-x86_64, r-release-macos-arm64, r-release-macos-x86_64, r-release-windows-ix86+x86_64, r-oldrel-macos-x86_64, r-oldrel-windows-ix86+x86_64

Version: 1.0.3
Check: R code for possible problems
Result: NOTE
    ForImp: no visible global function definition for 'head'
    ForImp: no visible global function definition for 'tail'
    ForImp: no visible global function definition for 'dist'
    medianimp: no visible global function definition for 'quantile'
    rancatmat: no visible global function definition for 'runif'
    transfmatcat: no visible global function definition for 'qnorm'
    transfmatcat: no visible global function definition for 'sd'
    Undefined global functions or variables:
     dist head qnorm quantile runif sd tail
    Consider adding
     importFrom("stats", "dist", "qnorm", "quantile", "runif", "sd")
     importFrom("utils", "head", "tail")
    to your NAMESPACE file.
Flavors: r-devel-linux-x86_64-debian-clang, r-devel-linux-x86_64-debian-gcc, r-devel-linux-x86_64-fedora-clang, r-devel-linux-x86_64-fedora-gcc, r-devel-windows-x86_64-new-UL, r-devel-windows-x86_64-new-TK, r-devel-windows-x86_64-old, r-patched-linux-x86_64, r-patched-solaris-x86, r-release-linux-x86_64, r-release-macos-arm64, r-release-macos-x86_64, r-release-windows-ix86+x86_64, r-oldrel-macos-x86_64, r-oldrel-windows-ix86+x86_64